ided by 4?
0
Calculate the remainder when 39 is divided by 29.
10
Calculate the remainder when 161 is divided by 9.
8
Calculate the remainder when 203 is divided by 6.
5
What is the remainder when 155 is divided by 95?
60
Calculate the remainder when 743 is divided by 150.
143
Calculate the remainder when 3438 is divided by 93.
90
Calculate the remainder when 3 is divided by 3.
0
Calculate the remainder when 334 is divided by 52.
22
What is the remainder when 514 is divided by 31?
18
Calculate the remainder when 84 is divided by 20.
4
What is the remainder when 907 is divided by 2?
1
Calculate the remainder when 332 is divided by 145.
42
Calculate the remainder when 918 is divided by 92.
90
Calculate the remainder when 8047 is divided by 23.
20
What is the remainder when 182 is divided by 63?
56
Calculate the remainder when 139 is divided by 20.
19
Calculate the remainder when 512 is divided by 126.
8
What is the remainder when 1263 is divided by 210?
3
Calculate the remainder when 663 is divided by 198.
69
Calculate the remainder when 58 is divided by 21.
16
Calculate the remainder when 435 is divided by 25.
10
What is the remainder when 4459 is divided by 16?
11
Calculate the remainder when 315 is divided by 11.
7
Calculate the remainder when 109 is divided by 5.
4
What is the remainder when 86 is divided by 29?
28
What is the remainder when 37 is divided by 21?
16
Calculate the remainder when 53 is divided by 10.
3
Calculate the remainder when 17957 is divided by 10.
7
What is the remainder when 382 is divided by 16?
14
Calculate the remainder when 261 is divided by 33.
30
Calculate the remainder when 362 is divided by 53.
44
What is the remainder when 11279 is divided by 48?
47
What is the remainder when 38411 is divided by 65?
61
Calculate the remainder when 190 is divided by 28.
22
What is the remainder when 1293 is divided by 641?
11
What is the remainder when 311 is divided by 65?
51
What is the remainder when 323 is divided by 40?
3
What is the remainder when 38 is divided by 30?
8
What is the remainder when 1270 is divided by 31?
30
What is the remainder when 75 is divided by 21?
12
Calculate the remainder when 353 is divided by 17.
13
What is the remainder when 1358 is divided by 6?
2
What is the remainder when 29602 is divided by 7?
6
Calculate the remainder when 43 is divided by 5.
3
Calculate the remainder when 303 is divided by 110.
83
Calculate the remainder when 94 is divided by 28.
10
What is the remainder when 147 is divided by 43?
18
What is the remainder when 3040 is divided by 15?
10
Calculate the remainder when 648 is divided by 304.
40
Calculate the remainder when 362 is divided by 119.
5
Calculate the remainder when 2549 is divided by 22.
19
What is the remainder when 83 is divided by 21?
20
Calculate the remainder when 56 is divided by 38.
18
What is the remainder when 48 is divided by 13?
9
What is the remainder when 112 is divided by 42?
28
Calculate the remainder when 611 is divided by 89.
77
What is the remainder when 143 is divided by 48?
47
Calculate the remainder when 1285 is divided by 56.
53
Calculate the remainder when 6933 is divided by 19.
17
Calculate the remainder when 4550 is divided by 33.
29
What is the remainder when 87 is divided by 49?
38
Calculate the remainder when 769 is divided by 161.
125
Calculate the remainder when 10726 is divided by 36.
34
What is the remainder when 448 is divided by 151?
146
What is the remainder when 2813 is divided by 1404?
5
Calculate the remainder when 883 is divided by 52.
51
Calculate the remainder when 2519 is divided by 56.
55
What is the remainder when 203 is divided by 35?
28
Calculate the remainder when 4774 is divided by 239.
233
Calculate the remainder when 71 is divided by 19.
14
Calculate the remainder when 138 is divided by 12.
6
What is the remainder when 788 is divided by 28?
4
What is the remainder when 1593 is divided by 55?
53
Calculate the remainder when 142 is divided by 92.
50
Calculate the remainder when 51 is divided by 28.
23
What is the remainder when 253 is divided by 246?
7
Calculate the remainder when 472 is divided by 6.
4
What is the remainder when 1082 is divided by 13?
3
Calculate the remainder when 485 is divided by 469.
16
What is the remainder when 86 is divided by 12?
2
Calculate the remainder when 3226 is divided by 32.
26
What is the remainder when 103 is divided by 46?
11
What is the remainder when 564 is divided by 81?
78
What is the remainder when 392 is divided by 36?
32
What is the remainder when 2142 is divided by 143?
140
What is the remainder when 89 is divided by 25?
14
Calculate the remainder when 1300 is divided by 305.
80
Calculate the remainder when 869 is divided by 57.
14
Calculate the remainder when 91 is divided by 78.
13
Calculate the remainder when 272 is divided by 126.
20
What is the remainder when 775 is divided by 132?
115
What is the remainder when 40 is divided by 7?
5
Calculate the remainder when 46 is divided by 12.
10
Calculate the remainder when 18 is divided by 5.
3
Calculate the remainder when 40 is divided by 21.
19
Calculate the remainder when 34 is divided by 32.
2
Calculate the remainder when 201 is divided by 48.
9
What is the remainder when 539 is divided by 50?
39
What is the remainder when 289 is divided by 98?
93
Calculate the remainder when 276 is divided by 131.
14
What is the remainder when 489 is divided by 457?
32
What is the remainder when 188 is divided by 64?
60
What is the remainder when 99 is divided by 6?
3
Calculate the remainder when 809 is divided by 83.
62
Calculate the remainder when 25 is divided by 11.
3
What is the remainder when 1148 is divided by 115?
113
Calculate the remainder when 243 is divided by 61.
60
What is the remainder when 256 is divided by 188?
68
Calculate the remainder when 1217 is divided by 242.
7
What is the remainder when 1319 is divided by 21?
17
Calculate the remainder when 566 is divided by 95.
91
What is the remainder when 95 is divided by 21?
11
What is the remainder when 222 is divided by 173?
49
Calculate the remainder when 58422 is divided by 75.
72
Calculate the remainder when 786 is divided by 113.
108
What is the remainder when 334 is divided by 102?
28
Calculate the remainder when 291 is divided by 69.
15
What is the remainder when 309 is divided by 38?
5
What is the remainder when 7337 is divided by 41?
39
Calculate the remainder when 1141 is divided by 250.
141
Calculate the remainder when 1070 is divided by 120.
110
Calculate the remainder when 939 is divided by 300.
39
Calculate the remainder when 627 is divided by 45.
42
Calculate the remainder when 798 is divided by 20.
18
Calculate the remainder when 489 is divided by 56.
41
What is the remainder when 418 is divided by 110?
88
What is the remainder when 15618 is divided by 20?
18
What is the remainder when 7757 is divided by 51?
5
What is the remainder when 1035 is divided by 61?
59
Calculate the remainder when 1935 is divided by 121.
120
Calculate the remainder when 135 is divided by 36.
27
Calculate the remainder when 1222 is divided by 34.
32
Calculate the remainder when 154 is divided by 2.
0
Calculate the remainder when 57 is divided by 26.
5
What is the remainder when 8651 is divided by 17?
15
Calculate the remainder when 1318 is divided by 30.
28
What is the remainder when 557 is divided by 26?
11
Calculate the remainder when 303 is divided by 77.
72
Calculate the remainder when 7476 is divided by 2484.
24
Calculate the remainder when 168 is divided by 75.
18
What is the remainder when 46 is divided by 13?
7
What is the remainder when 340 is divided by 211?
129
What is the remainder when 204 is divided by 2?
0
Calculate the remainder when 76 is divided by 14.
6
Calculate the remainder when 203 is divided by 108.
95
Calculate the remainder when 1653 is divided by 165.
3
What is the remainder when 362 is divided by 71?
7
What is the remainder when 2546 is divided by 41?
4
What is the remainder when 634 is divided by 80?
74
Calculate the remainder when 3955 is divided by 1977.
1
What is the remainder when 1424 is divided by 5?
4
Calculate the remainder when 19135 is divided by 13.
12
Calculate the remainder when 118 is divided by 15.
13
Calculate the remainder when 806 is div